) = -16*w - 17*w - 17*w + t*w. What is g(1)?
6
Let q be 8/(-16)*0/(-5 - (-9 - -6)). Let l(v) = -25*v + 3. Determine l(q).
3
Let o(h) = h**2 - 6*h - 7. Let d be o(8). Let p(r) = 0*r + d + 0*r - r. Let v = 58680 - 58671. Give p(v).
0
Let l(c) = -c**3 + 12*c**2 - 26*c - 7. Let p(x) = x**3 - 11*x**2 + 22*x + 5. Let v(y) = 2*l(y) + 3*p(y). Give v(7).
1
Suppose -6*q + 4*q + x = -39, -25 = 5*x. Let v(i) = 7*i**2 + 6*i - 5. Let p(j) = -20*j**2 - 16*j + 15. Let h(w) = q*v(w) + 6*p(w). What is h(7)?
-2
Let y(v) = -27*v - 43. Let j be y(-2). Let k(t) = -t**2 + 7*t + 7. What is k(j)?
-37
Let d(l) = l**2 + 19*l - 11. Suppose -917*h + 954*h = -740. Determine d(h).
9
Suppose 0 - 6 = -3*h. Let q(d) = -d + h*d - 7*d. Suppose 35278 - 34796 = -241*v. Give q(v).
12
Let m be 0*(3 - (-10)/(-4)). Let c(f) = -712*f - 12. Let b(s) = 285*s + 6. Let y(p) = 5*b(p) + 2*c(p). Calculate y(m).
6
Let f(d) be the third derivative of 0*d - 7/6*d**3 + 128*d**2 + 0 + 1/120*d**6 + 0*d**4 - 2/15*d**5. Calculate f(8).
-7
Let g be 4712/(-775) + (1 - 23/25). Suppose -5*s + 3*j = -25, 4*j + 0*j + 24 = 2*s. Let h(a) = -2*a**s - 4*a - 3*a + a**2 - 3. What is h(g)?
3
Let c(t) = t**3 - t**2 - 4*t. Let u be c(3). Suppose 2 = r + 2*o + 6, -2*o = 2*r + u. Let y(h) = h**2 + 3*h. Calculate y(r).
-2
Let d be (-6 + -6)/4 + 10. Suppose -9*k - 8*k = d*k. Let w(n) = n**3 - n**2 - n + 10. Give w(k).
10
Let n(f) = -f**2 + 4*f**2 - 89 - f**2 - 174*f - f**2 + 182*f. Determine n(-14).
-5
Suppose 0 = -v + 14 - 12. Let a(s) = -21*s - 11. Let q(m) = 4*m + 3. Let o(j) = 2*a(j) + 9*q(j). Give o(v).
-7
Let a(u) be the first derivative of u**4/4 - 2*u**2 - 4*u - 2166. Give a(-4).
-52
Let m(n) be the third derivative of -n**4/24 + 11*n**3/6 + 193*n**2. Let c = 11 - 9. Suppose c*r = r. Calculate m(r).
11
Let j be 2/(-6) + (-15)/9. Let y = j - -4. Let v(s) = -1 - 6*s**2 + 11*s + 7*s**2 + 0*s**2 - y*s**2. Calculate v(11).
-1
Let r(t) = -t**3 + 13*t**2 - 21*t + 14. Let m(n) = 117*n + 5390. Let q be m(-46). What is r(q)?
166
Suppose 2*l = -5*j - 32, 5*j = -2*l - 3*l - 65. Let b(z) = z**3 + 9*z**2 - 23*z - 18. Give b(l).
-7
Suppose -44 = -38*z + 70. Let d(i) = -4*i + 2 - 1 - 6*i + z*i + 0*i. Give d(-2).
15
Let n(a) = 4*a + 28. Let g be n(9). Let c be (g + 5)/3 - -2. Let p(d) = 4*d + c - 8*d**2 + d**3 - 2*d - 24. Determine p(8).
17
Let v(h) be the second derivative of h**4/12 - 5*h**3/3 - h**2/2 - 715*h. Let k(b) = -b**3 - 6*b**2 - 40. Let i be k(-7). What is v(i)?
-10
Let n(u) = -3*u**2 - 49*u + 34. Let v be (-5607)/329 - 18/(-423). Determine n(v).
0
Let j(b) = b**3 - 9*b**2 + 2*b + 60. Let x(h) = h**3 + 5*h**2 + 10*h + 20. Let n be x(-3). Calculate j(n).
12
Let q(v) = v**3 - 6*v**2 + 4*v + 4. Suppose -i + 4*w = -6*i + 5, -4*i + 15 = w. What is q(i)?
-1
Let o(g) = 2*g**2 + 7*g + 3. Let r be o(-5). Suppose 168 = -4*p + r*p. Let i(z) = z**3 - 13*z**2 + 13*z - 8. Give i(p).
4
Let d be ((-9)/(54/78))/((-1)/1). Let u(q) = d + 3*q + 25 + 12 - 41. Give u(-11).
-24
Let u be (-1270)/(-1651) + 23/(-13). Let s(k) = -42*k**2 - 1. What is s(u)?
-43
Suppose -3*f + 11*v = 41, -2*v - 1 + 10 = f. Let d(z) = -23*z**3 - 2*z**2 + 2*z - 1. Determine d(f).
-24
Let r be (1 + 3/(-2))*(4 - 8). Suppose -l - 3*q = 2*q - 24, r*q = 4. Let u(i) = -2*i**3 + 6*i**2 - 6*i + l + i**3 - 14. Determine u(5).
-5
Let y be ((-3)/1)/(-6 - (-6315)/1050). Let j be 42/y + (-79)/5. Let q(b) = -b**3 - 17*b**2 - 18*b - 23. What is q(j)?
9
Let u(f) = 8*f**3 - 75*f**2 - 59*f - 79. Let v(b) = -3*b**3 + 30*b**2 + 24*b + 32. Let p(z) = 5*u(z) + 13*v(z). Calculate p(-14).
-21
Let p(x) = 28790 + 95*x - 28788 + 199*x**3 - 2*x**2 - 96*x. Give p(1).
198
Let h(m) = -146*m - 446. Let z be h(-3). Let d(s) = -75*s - 597. Calculate d(z).
3
Let p(s) be the third derivative of s**6/120 + 5*s**5/6 - 53*s**4/24 - 31*s**3/2 - 45*s**2 - 3*s - 29. Give p(-51).
9
Let c = -927 + 1322. Let g(z) = -394*z + 787*z + 6 - c*z. Give g(-6).
18
Let x(l) = -14*l + 242. Let d be x(17). Let o(f) = -d*f - 2*f - 4*f + 13*f - 1. Calculate o(-2).
-7
Let j(k) be the first derivative of -25*k**4/4 + k**3/3 + k**2 + k - 9. Let f be (-135)/35 + 3 + 6/(-42). Determine j(f).
25
Let u be (-1)/(6 - (-5478)/(-912)). Suppose u = 4*v - 23*v. Let d(z) = z - 1. Determine d(v).
-9
Let i(x) = x**3 + 2*x**2 + 3. Suppose -12*f = -6*f + 1410. Let r = 232 + f. Give i(r).
-6
Let o = 4547 - 4530. Let i(v) = 2*v**2 - 37*v + 52. Determine i(o).
1
Let w(k) = -k**2 - 5*k + 7. Let i be (-23 - -17)*2/((-8)/174). Suppose 3*u - 87 = 2*u - d, 3*u = 3*d + i. Suppose -u*s - 5 = -86*s. Give w(s).
7
Suppose 0 = -92*k - 25 - 67. Let y(i) = -i**3 - i + 1. Suppose -w - 2 = -1. Let n(u) = 2*u**3 - u + 1. Let v(d) = w*n(d) + y(d). Calculate v(k).
3
Suppose -25*j = -40*j - 4*t + 64, -5*j = -5*t - 15. Let p(a) = 13*a - 40. What is p(j)?
12
Let o(u) be the first derivative of 29*u**2/2 + 15*u - 12008. What is o(-1)?
-14
Let k(v) = -v - 18. Let n be k(-17). Let x be (-66)/(-36) + (-2)/(-12). Let q(s) = x + 57*s - 39*s - 1. What is q(n)?
-17
Let s(k) be the first derivative of -2*k**3/3 - 7*k**2/2 - k - 15. Let m(i) = 3*i**2 + 11*i + 2. Let p(h) = -5*m(h) - 7*s(h). Give p(-6).
-3
Let w = -1048 + 1024. Let a be ((-4)/(-3))/(56/w - -3). Let x(y) be the first derivative of y**4/2 - 2*y**3/3 - 2*y + 1. Calculate x(a).
6
Suppose 142 = 25*v - 83. Let z(y) = -3*y + v*y**2 + 647 - 648 - 4*y**2 + y**3. Calculate z(-5).
14
Let b = 41 + -49. Let t be 5 + (b/36 - (-75)/(-27)). Let p be -10*t/(-5)*(-2)/(-2). Let z(q) = q**2 - 5*q + 2. Give z(p).
-2
Let z be -7 - 693/(-14)*(-10)/(-15). Let i(y) = 2*y**2 - 51*y - 28. What is i(z)?
-2
Let j = 595 + -259. Suppose -k = 5*c - j, c - k + 0*k - 72 = 0. Let p = -73 + c. Let m(y) = -y**2 - 5*y + 3. What is m(p)?
3
Let d(m) = -4*m - 3. Let r(y) = y + 9. Let n be r(-14). Let a be ((-8)/(-10))/(1561/(-315) - n). Suppose -20*b - a = -17*b. Give d(b).
21
Let u(a) = a**3 - 14*a**2 - 14*a - 19. Let p(g) = -g**2 - 4*g + 49. Let b be p(-7). Let z be 3*515/105 + 8/b. Calculate u(z).
-4
Suppose 13*h + 3 = 29. Suppose -162 = 20*c - h*c. Let a(g) = -g**3 - 10*g**2 - 11*g - 13. Calculate a(c).
5
Let v(o) = -499*o - 19. Let u(m) = -298*m - 9. Let d(i) = 5*u(i) - 3*v(i). What is d(-1)?
5
Let r(d) = -2*d - 2. Suppose -3*c - 2*g = -2, -g = -c + 11 - 2. Let v(f) = f. Let m(n) = c*r(n) + 9*v(n). Give m(7).
-1
Let b(q) = -q**3 + q**2 + q + 1. Let t(l) = -12*l**2 - l - 11. Let n(w) = b(w) + t(w). Let z = 115 - 126. What is n(z)?
-10
Let p(a) = 2*a**2 + 77*a + 58. Let q be p(-38). Suppose -10 = -10*u - q. Let v(j) = 8*j**2 + j. Determine v(u).
7
Suppose 7*p + 76 = -8. Let q be (-3 - -1)*(-8 + (-90)/p). Let v(x) = -6*x**2. Give v(q).
-6
Suppose 28 = 4*b - 489*s + 485*s, -25 = -4*b + 3*s. Let j(z) = -13*z - 17. Calculate j(b).
-69
Let c(b) = b + 8. Suppose w + 80*t + 2 = 75*t, 2*w - 4*t = -18. Determine c(w).
1
Let o(k) = -4*k**2 - 55*k + 21. Suppose -735 + 819 = -6*d. Calculate o(d).
7
Suppose 31 = 2*w + 3*u + 5, 4*w - 24 = u. Let l(c) = 135*c - 8 - 277*c + 135*c. Let z(k) = -6*k - 7. Let g(v) = -5*l(v) + 6*z(v). What is g(w)?
-9
Let p(j) = 3*j**3 - j**2 - 10*j + 5. Let h(g) = 2*g**3 + 2*g**2 - 11*g + 4. Let a(f) = -4*h(f) + 3*p(f). Determine a(10).
39
Let c(l) = -2*l**2 + 22*l + 27. Let a be c(12). Let b(w) = 9*w + 0*w + 9 + 2*w - w**a - 9*w**2 - 7. Determine b(-10).
-8
Suppose 2*b + 3*w + 25 = 0, -4*b + 0*w - 35 = 3*w. Let m(a) = -5*a + 3. Let s(c) = -2*c + 2. Let p(l) = -m(l) + 2*s(l). What is p(b)?
-4
Let v(u) = -u**2 + 21*u - 20. Let l be v(1). Let i(q) be the third derivative of l*q**3 + 0*q + 0 + 11*q**2 - 1/12*q**4. Calculate i(-2).
4
Suppose 116*a + 25*a + 55*a - 9996 = 0. Let z(h) = -h**2 + 49*h + 102. Determine z(a).
0
Let n(o) = -80 - 63 - 60 + 201 + o + 51*o**2. Determine n(1).
50
Suppose 0 = -5*z + 2*k - 18, -28*k + 29*k - 10 = 3*z. Let l(r) = 9*r**3 + r**2 - 1. Give l(z).
-69
Let x(m) be the first derivative of m**3 + 9*m**2/2 + 11*m + 30. Give x(-2).
5
Suppose -5*f + 4*t + 20 = 0, -5*f + 3*f - t = -8. Let v be (-3 - (-14)/6)/((-1)/666). Let m(z) = -v + 2*z + 441 - 3*z. Calculate m(f).
-7
Let v(m) = 0*m**3 + 63581*m**2 - m - 63582*m**2 - m**3. Suppose -4*b - 3 = -b. Calculate v(b).
1
Suppose -19 = -2*z - 3*k, 34*z - 30*z = 5*k + 5. Let a(l) = -4*l - 11*l + 13*l - 2*l. Determine a(z).
-20
Let p(d) = 947*d**2 - 946*d**2 - 7 